 2/1. Suppose -24*h - f = -27*h. What are the prime factors of h?
2, 5
Let t(v) = 2*v**2 - 12*v - 12. Let x be t(-1). Suppose -x*d + 5811 = 3*g, -4*d + 1927 = 3*g - 3884. List the prime factors of g.
13, 149
Suppose 0 = -4*p - 3*l + 75077, -5*l + 33631 + 41460 = 4*p. What are the prime factors of p?
2, 4691
Let i(y) = 12*y + 6. Let k be i(17). Suppose -5*l + 5*g = -k, -l + 6*g - 4*g = -38. List the prime factors of l/161 + (-38)/(-14).
3
Let g be (29 - 31) + 1*2. What are the prime factors of ((g - -7) + -6)*420?
2, 3, 5, 7
Let y(b) be the second derivative of -b**4/12 + 19*b**3/6 - 11*b**2/2 - 344*b - 1. Let p be (8/4)/((-1)/(-4)). List the prime factors of y(p).
7, 11
Let i(s) = -11*s + 20. Let h be i(5). Let t = h + -47. Let z = 150 + t. What are the prime factors of z?
2, 17
What are the prime factors of ((-739340)/105)/(4/(-6))?
2, 5281
Suppose 0 = h + 82 + 48. Let n = -125 - h. What are the prime factors of ((-9)/n + 1)/(13/(-3835))?
2, 59
Suppose 3*w = -2*i + 13124, -4*i = 4*w - 12308 - 13948. What are the prime factors of i?
2, 821
List the prime factors of 55/(-165) - (-4 + 235984/(-12)).
13, 17, 89
Suppose 387 = y + 385. Let i(d) = 72*d**3 + d**2 + d - 2. List the prime factors of i(y).
2, 5, 29
Suppose -2*w + 17408 = 5*g, 113*g - 117*g - 43454 = -5*w. What are the prime factors of w?
2, 3, 7, 23
Suppose 0 = -4081*h + 4064*h + 19193. What are the prime factors of h?
1129
Let h(g) = 4*g**2 + 9*g - 15. Let q be h(4). Let y = -60 + q. Suppose -b + 5*d + y = 0, -75 = -4*b - 7*d + 2*d. List the prime factors of b.
2, 5
Suppose 0 = -m + 2*k + 12, 9 = 2*k - 5*k. Let b(f) = f**3 - f**2 - 7*f + 15. List the prime factors of b(m).
3, 17
Let n(k) = 15*k - 357. Let f be n(37). Let q be ((-1)/((-1)/(-113)))/1. Let u = q + f. What are the prime factors of u?
5, 17
Suppose -4*i - 5*b = -4*b - 5, -i - 3*b - 7 = 0. Suppose g - 1006 = -4*a + 6*g, g = -i*a + 510. What are the prime factors of a?
2, 127
Let a(t) = 15*t**3 - 125*t**2 - 18*t - 23. Let s(l) = 7*l**3 - 62*l**2 - 9*l - 11. Let j(r) = 2*a(r) - 5*s(r). What are the prime factors of j(11)?
23, 31
Suppose -52*i + 95*i = -136*i + 3678450. What are the prime factors of i?
2, 3, 5, 137
Let z be ((-1)/1)/(12 - (-161)/(-14)). Let x(n) = -72*n**3 + 4*n**2 + 4. List the prime factors of x(z).
2, 149
Suppose -79982 = -253*k + 251*k + 2*r, 5*k - 199875 = -5*r. List the prime factors of k.
39983
Suppose -2*b - 2*x = -2754 + 514, -3*x = 3. Let l = b + -428. List the prime factors of l.
3, 7, 11
Let y = -2338 - -2647. What are the prime factors of y?
3, 103
Suppose 16*v - 3*a = 14*v + 1027, 2585 = 5*v - 4*a. Let j = v + -512. List the prime factors of j.
3
Suppose 9*v - 3694 = 65201. What are the prime factors of v?
5, 1531
Suppose -166*y = -842465 + 110408 - 1461965. What are the prime factors of y?
13217
Suppose -3*b = -b - 4*s + 14, 0 = -3*b - 3*s + 24. Let y(p) = -25*p - 10. Let i(l) = -13*l - 5. Let n(h) = 5*i(h) - 3*y(h). What are the prime factors of n(b)?
5, 7
Suppose -2*x + 118*i = 117*i - 4032, 0 = -2*x + 3*i + 4032. What are the prime factors of x?
2, 3, 7
Suppose 0 = 5*h - 9*h, 0 = 5*z - 5*h - 3870. What are the prime factors of z?
2, 3, 43
Let a(n) = -37*n - 3. Let x be a(-4). Suppose -35 = -h + 2*v, -5*h + 2*v + x = 10. What are the prime factors of 1320/h*10/3?
2, 11
Let f be (-5 + (4 - -3))*(-28)/(-8). Suppose 4*w - f*w + 2*l = -3551, 5889 = 5*w + 4*l. List the prime factors of w.
1181
Let u(j) = -j**3 - 4*j**2 + j - 19. Let l(p) = p**3 - 12*p**2. Let g be l(12). Suppose g*s - 28 = 4*s. What are the prime factors of u(s)?
11
Suppose 4*n = -s + 21127, -65557 - 40114 = -5*s - 2*n. List the prime factors of s.
3, 5, 1409
Let x(j) = -j - 2*j**2 - 2 - 6*j**3 + 14*j**3 - 7*j**3. Let y be x(2). List the prime factors of y/(3 - (-7)/(-2)).
2
Let j(z) be the second derivative of 2*z**4/3 + 2*z**3 + 61*z**2/2 - 248*z. List the prime factors of j(10).
3, 109
Let j(o) = o**2 + 9*o - 26. Let u be j(-8). Let l = -34 - u. Let c(z) = z + 107. List the prime factors of c(l).
107
Let q(z) = -55*z + 45. Let u be (-72)/(-28)*((-10)/15 - 4). List the prime factors of q(u).
3, 5, 47
Suppose -3*t = -3*s - 44136, -21432 = 5*t + 5*s - 94982. List the prime factors of t.
47, 313
Let b(x) = 583*x**2 - 2*x. Let v be b(1). Let z = v - 518. What are the prime factors of z?
3, 7
Let j(q) = 2*q**3 + 4*q**2 + q - 7. Let s be j(5). Suppose -3*n + s = 57. List the prime factors of n/((-4)/(-1) + -3).
97
What are the prime factors of 3/4 - ((11 - 6989/4) + 9)?
2, 3
Suppose -77*p = 379598 - 275572 - 2413333. What are the prime factors of p?
3, 13, 769
Suppose 625442 = 15*r + 81782. What are the prime factors of r?
2, 13, 17, 41
Let y(l) = 16*l - 374. Let d be y(23). List the prime factors of ((-122364)/(-9))/11 + d/(-1).
2, 3, 23
Let p(q) = q**3 + 39*q**2 + 18*q + 478. What are the prime factors of p(-34)?
2, 3, 941
Let c(v) = -v**3 + v**2 + 4*v - 186. Let o be c(0). List the prime factors of ((-25)/15)/(2/o).
5, 31
Let d = 15257 - -6193. What are the prime factors of d?
2, 3, 5, 11, 13
Suppose 54456 = 36*p - 16212. What are the prime factors of p?
13, 151
Suppose -5*i + 86614 = 2*l, -l - 8*i + 43280 = -10*i. List the prime factors of l.
2, 79, 137
Let z = 6838 - -4523. What are the prime factors of z?
3, 7, 541
Let r(v) = 4*v + 31. Let u(l) = -l**3 + 13*l**2 + 12*l + 21. Let a be u(14). Let f be r(a). What are the prime factors of 95 + (f - (2 - -3))?
3, 31
Suppose 0 = 26*n - 84268 + 33100. Suppose 4*o - n + 244 = 0. List the prime factors of o.
431
Let o be ((-14)/147*-7)/(2/36). Suppose 0 = -3*h - 2*g + 290, 3*h = o*g - 8*g + 284. What are the prime factors of h?
2, 3
Let p be (26/(-52))/(-1*1/24). Let u(h) = 15*h**2 - 14*h + 110. What are the prime factors of u(p)?
2, 1051
Let b be (-45)/(-9)*(6 + 9/(-3)). Let a be (3/5)/3*b. Suppose 4*s = -3*v + 2, 2*v - 38 = -a*v + 2*s. List the prime factors of v.
2, 3
Let u be (2/2 + 0)*20. Let t = 24 - u. List the prime factors of 3 + 28/(-12)*(-156)/t.
2, 47
Suppose -705 - 53045 = -43*a. Suppose 5*v + a = -4*o + 9*o, -2*o - 2*v + 520 = 0. List the prime factors of o.
3, 5, 17
Let r(w) = 2*w**2 + 6*w + 7. Let o be r(-1). What are the prime factors of o/((-18)/(-24))*94?
2, 47
Let w = -33 + 38. Suppose 4*n - 5*f = 71, -15 = -w*n - 5*f + 40. Let l = 58 + n. List the prime factors of l.
2, 3
Let o(v) = -2239*v - 414. List the prime factors of o(-4).
2, 4271
Let c(i) = 10 + 247*i**3 - 3*i**2 + 241*i**3 - 489*i**3. Suppose -4*r - r = 25. What are the prime factors of c(r)?
2, 3, 5
Suppose -426032 = -58*m + 500924. What are the prime factors of m?
2, 61, 131
Let p = -728 - -15027. What are the prime factors of p?
79, 181
Let y be 118 - (-2 + (3 - 1)). Let h = y + -113. Suppose -4*f = 4*z - 564, 5*z + h*f - 6*f = 723. What are the prime factors of z?
2, 3
Suppose -65 = -5*r - 25. Suppose -2*m + g + r = -36, -m + 29 = 3*g. Suppose z + 18 = m. What are the prime factors of z?
5
Let t(p) = 1191*p + 4971. What are the prime factors of t(16)?
3, 8009
Suppose 22 = -2*d + 26. Suppose -4*j - 4*r + 24 = 0, -4*r - 5 = 11. Suppose -d*a = -54 - j. What are the prime factors of a?
2
Suppose 0 = -3*h + 2*v + 1200, 0 = 2*h - 0*v - v - 800. Let g = 847 - h. What are the prime factors of g?
3, 149
What are the prime factors of (-65 + 61)/((-2)/3202)?
2, 1601
Let r(h) = -5*h - 121. Let k be r(-23). List the prime factors of (8 + k - 39)*10/(-2).
5, 37
Suppose 0 = b + 4*k - 2 - 5, -4 = -4*k. Suppose -b*p + 181 = -308. What are the prime factors of p?
163
Suppose 21*k = -22*k + 346494. List the prime factors of k.
2, 3, 17, 79
Let p = -9462 + 71739. What are the prime factors of p?
3, 20759
Let s(b) = 666*b - 4627. What are the prime factors of s(41)?
22679
Let x = 11070 + -7045. List the prime factors of x.
5, 7, 23
Suppose 409*t = -3*o + 414*t + 74571, 2*t - 6 = 0. List the prime factors of o.
2, 31, 401
Suppose -5*l = 2*c - 32548, -4*l - 22*c = -18*c - 26048. What are the prime factors of l?
2, 1627
Let g(f) = 68*f**2 - 887*f + 9. List the prime factors of g(32).
41257
Suppose -4*x = 5*z - 467, 5*x - 470 = -2*z - 3*z. Suppose -z*k + 93*k - 6 = 0. What are the prime factors of (5/3)/(k/333)?
5, 37
Let y = -10673 - -18925. List the prime factors of y.
2, 2063
Suppose -3*b = -b - 706. Let z = b - 199. Suppo